{"id":965,"date":"2017-01-12T18:50:15","date_gmt":"2017-01-12T16:50:15","guid":{"rendered":"https:\/\/www.ak-pomurje.si\/?page_id=965"},"modified":"2025-08-19T17:23:27","modified_gmt":"2025-08-19T15:23:27","slug":"klubski-rekordi","status":"publish","type":"page","link":"https:\/\/www.ak-pomurje.si\/?page_id=965","title":{"rendered":"Klubski rekordi"},"content":{"rendered":"<p><img loading=\"lazy\" decoding=\"async\" class=\"alignnone wp-image-2445\" src=\"https:\/\/www.ak-pomurje.si\/wp-content\/uploads\/2018\/08\/ak_pomurje_300ppi.png\" alt=\"\" width=\"220\" height=\"220\"><\/p>\n<p><span style=\"color: #3366ff; font-size: 14pt;\"><strong>MO\u0160KI<\/strong><\/span><\/p>\n<table style=\"width: 100%; height: 560px;\" border=\"1\" bgcolor=\"#c6d8eb\">\n<tbody>\n<tr style=\"height: 20px;\" bgcolor=\"#6495ED\">\n<td style=\"width: 22.4551%; height: 20px;\"><strong>DISCIPLINA <\/strong><\/td>\n<td style=\"width: 22.8293%; height: 20px;\"><strong>REZULTAT<\/strong><\/td>\n<td style=\"width: 31.3623%; height: 20px;\"><strong>ATLET<\/strong><\/td>\n<td style=\"width: 22.4551%; height: 20px;\"><strong>LETO<\/strong><\/td>\n<\/tr>\n<tr style=\"height: 20px;\">\n<td style=\"width: 22.4551%; height: 20px;\">100 m<\/td>\n<td style=\"width: 22.8293%; height: 20px;\">10.46<\/td>\n<td style=\"width: 31.3623%; height: 20px;\">Damjan \u0160pur<\/td>\n<td style=\"width: 22.4551%; height: 20px;\">1998 M\u00fcnchen<\/td>\n<\/tr>\n<tr style=\"height: 20px;\">\n<td style=\"width: 22.4551%; height: 20px;\">200 m<\/td>\n<td style=\"width: 22.8293%; height: 20px;\">21.38<\/td>\n<td style=\"width: 31.3623%; height: 20px;\">Damjan \u0160pur<\/td>\n<td style=\"width: 22.4551%; height: 20px;\">1998 Maribor<\/td>\n<\/tr>\n<tr style=\"height: 20px;\">\n<td style=\"width: 22.4551%; height: 20px;\">300 m<\/td>\n<td style=\"width: 22.8293%; height: 20px;\">34.23<\/td>\n<td style=\"width: 31.3623%; height: 20px;\">Maj Jan\u017ea<\/td>\n<td style=\"width: 22.4551%; height: 20px;\">2022 Slovenska Bistrica<\/td>\n<\/tr>\n<tr style=\"height: 20px;\">\n<td style=\"width: 22.4551%; height: 20px;\">400 m<\/td>\n<td style=\"width: 22.8293%; height: 20px;\">47.66<\/td>\n<td style=\"width: 31.3623%; height: 20px;\">Maj Jan\u017ea<\/td>\n<td style=\"width: 22.4551%; height: 20px;\">2022 Ljubljana<\/td>\n<\/tr>\n<tr style=\"height: 20px;\">\n<td style=\"width: 22.4551%; height: 20px;\">600 m<\/td>\n<td style=\"width: 22.8293%; height: 20px;\">1:19.67<\/td>\n<td style=\"width: 31.3623%; height: 20px;\">David Horvat<\/td>\n<td style=\"width: 22.4551%; height: 20px;\">2008 Maribor<\/td>\n<\/tr>\n<tr style=\"height: 20px;\">\n<td style=\"width: 22.4551%; height: 20px;\">800 m<\/td>\n<td style=\"width: 22.8293%; height: 20px;\">1:49.11<\/td>\n<td style=\"width: 31.3623%; height: 20px;\">Ale\u0161 Zver<\/td>\n<td style=\"width: 22.4551%; height: 20px;\">2014 Linz<\/td>\n<\/tr>\n<tr style=\"height: 20px;\">\n<td style=\"width: 22.4551%; height: 20px;\">1000 m<\/td>\n<td style=\"width: 22.8293%; height: 20px;\">2:24.54<\/td>\n<td style=\"width: 31.3623%; height: 20px;\">Ale\u0161 Zver<\/td>\n<td style=\"width: 22.4551%; height: 20px;\">2014 Andorf<\/td>\n<\/tr>\n<tr style=\"height: 20px;\">\n<td style=\"width: 22.4551%; height: 20px;\">1500 m<\/td>\n<td style=\"width: 22.8293%; height: 20px;\">3:48.3R&nbsp;3:52.11<\/td>\n<td style=\"width: 31.3623%; height: 20px;\">Janez Kova\u010d&nbsp;Ale\u0161 Zver<\/td>\n<td style=\"width: 22.4551%; height: 20px;\">1963 Celje2014Celje<\/td>\n<\/tr>\n<tr style=\"height: 20px;\">\n<td style=\"width: 22.4551%; height: 20px;\">2000 m<\/td>\n<td style=\"width: 22.8293%; height: 20px;\">5:35.52<\/td>\n<td style=\"width: 31.3623%; height: 20px;\">David Horvat<\/td>\n<td style=\"width: 22.4551%; height: 20px;\">2007 Leibnitz<\/td>\n<\/tr>\n<tr style=\"height: 20px;\">\n<td style=\"width: 22.4551%; height: 20px;\">3000 m<\/td>\n<td style=\"width: 22.8293%; height: 20px;\">8:21.04<\/td>\n<td style=\"width: 31.3623%; height: 20px;\">Milan Balek<\/td>\n<td style=\"width: 22.4551%; height: 20px;\">1975 Karlovac<\/td>\n<\/tr>\n<tr style=\"height: 20px;\">\n<td style=\"width: 22.4551%; height: 20px;\">5000 m<\/td>\n<td style=\"width: 22.8293%; height: 20px;\">14:31.20<\/td>\n<td style=\"width: 31.3623%; height: 20px;\">Milan Balek<\/td>\n<td style=\"width: 22.4551%; height: 20px;\">1976 Osjek<\/td>\n<\/tr>\n<tr style=\"height: 20px;\">\n<td style=\"width: 22.4551%; height: 20px;\">10000 m<\/td>\n<td style=\"width: 22.8293%; height: 20px;\">29:54.8R&nbsp;30:20.30<\/td>\n<td style=\"width: 31.3623%; height: 20px;\">Milan Balek&nbsp;Geza Grabar<\/td>\n<td style=\"width: 22.4551%; height: 20px;\">1975 Celje1993Klagenfurt<\/td>\n<\/tr>\n<tr style=\"height: 20px;\">\n<td style=\"width: 22.4551%; height: 20px;\">Pol maraton<\/td>\n<td style=\"width: 22.8293%; height: 20px;\">1&#8217;04.24<\/td>\n<td style=\"width: 31.3623%; height: 20px;\">Geza Grabar<\/td>\n<td style=\"width: 22.4551%; height: 20px;\">1990 Radenci<\/td>\n<\/tr>\n<tr style=\"height: 20px;\">\n<td style=\"width: 22.4551%; height: 20px;\">maraton<\/td>\n<td style=\"width: 22.8293%; height: 20px;\">2&#8217;28.24<\/td>\n<td style=\"width: 31.3623%; height: 20px;\">Geza Grabar<\/td>\n<td style=\"width: 22.4551%; height: 20px;\">1993 Graz<\/td>\n<\/tr>\n<tr style=\"height: 20px;\">\n<td style=\"width: 22.4551%; height: 20px;\">110 m ov.<\/td>\n<td style=\"width: 22.8293%; height: 20px;\">15.00<\/td>\n<td style=\"width: 31.3623%; height: 20px;\">Atila Horvat<\/td>\n<td style=\"width: 22.4551%; height: 20px;\">1989 Ljubljana<\/td>\n<\/tr>\n<tr style=\"height: 20px;\">\n<td style=\"width: 22.4551%; height: 20px;\">400 m ov.<\/td>\n<td style=\"width: 22.8293%; height: 20px;\">57.26<\/td>\n<td style=\"width: 31.3623%; height: 20px;\">Denis Hamler<\/td>\n<td style=\"width: 22.4551%; height: 20px;\">2006 Maribor<\/td>\n<\/tr>\n<tr style=\"height: 20px;\">\n<td style=\"width: 22.4551%; height: 20px;\">daljina<\/td>\n<td style=\"width: 22.8293%; height: 20px;\">7.07<\/td>\n<td style=\"width: 31.3623%; height: 20px;\">Robi Kreft<\/td>\n<td style=\"width: 22.4551%; height: 20px;\">2005 Ljubljana<\/td>\n<\/tr>\n<tr style=\"height: 20px;\">\n<td style=\"width: 22.4551%; height: 20px;\">troskok<\/td>\n<td style=\"width: 22.8293%; height: 20px;\">13.83<\/td>\n<td style=\"width: 31.3623%; height: 20px;\">Rihard Madjar<\/td>\n<td style=\"width: 22.4551%; height: 20px;\">1994 Novo Mesto<\/td>\n<\/tr>\n<tr style=\"height: 20px;\">\n<td style=\"width: 22.4551%; height: 20px;\">vi\u0161ina<\/td>\n<td style=\"width: 22.8293%; height: 20px;\">216<\/td>\n<td style=\"width: 31.3623%; height: 20px;\">Davorin \u010cele\u0161<\/td>\n<td style=\"width: 22.4551%; height: 20px;\">1999 Zalaegerszeg<\/td>\n<\/tr>\n<tr style=\"height: 20px;\">\n<td style=\"width: 22.4551%; height: 20px;\">palica<\/td>\n<td style=\"width: 22.8293%; height: 20px;\">490<\/td>\n<td style=\"width: 31.3623%; height: 20px;\">Radovan Jokanovi\u0107<\/td>\n<td style=\"width: 22.4551%; height: 20px;\">2005 Ljubljana<\/td>\n<\/tr>\n<tr style=\"height: 20px;\">\n<td style=\"width: 22.4551%; height: 20px;\">kopje-800 gr.<\/td>\n<td style=\"width: 22.8293%; height: 20px;\">57.70<\/td>\n<td style=\"width: 31.3623%; height: 20px;\">Boi Kukanja<\/td>\n<td style=\"width: 22.4551%; height: 20px;\">1967 Trbovlje<\/td>\n<\/tr>\n<tr style=\"height: 20px;\">\n<td style=\"width: 22.4551%; height: 20px;\">krogla-7.26 kg<\/td>\n<td style=\"width: 22.8293%; height: 20px;\">13.92<\/td>\n<td style=\"width: 31.3623%; height: 20px;\">Grega Lenar\u010di\u010d<\/td>\n<td style=\"width: 22.4551%; height: 20px;\">2002 Maribor<\/td>\n<\/tr>\n<tr style=\"height: 20px;\">\n<td style=\"width: 22.4551%; height: 20px;\">disk<\/td>\n<td style=\"width: 22.8293%; height: 20px;\">41.22<\/td>\n<td style=\"width: 31.3623%; height: 20px;\">Grega Lenar\u010di\u010d<\/td>\n<td style=\"width: 22.4551%; height: 20px;\">2002 Koper<\/td>\n<\/tr>\n<tr style=\"height: 20px;\">\n<td style=\"width: 22.4551%; height: 20px;\">deseteroboj<\/td>\n<td style=\"width: 22.8293%; height: 20px;\">5.242t\u010d<\/td>\n<td style=\"width: 31.3623%; height: 20px;\">Denis Hamler<\/td>\n<td style=\"width: 22.4551%; height: 20px;\">2007 Maribor<\/td>\n<\/tr>\n<tr style=\"height: 20px;\">\n<td style=\"width: 22.4551%; height: 20px;\">4&#215;100 m<\/td>\n<td style=\"width: 22.8293%; height: 20px;\">43.14<\/td>\n<td style=\"width: 31.3623%; height: 20px;\">Andrej\u010d J., Horvat T., Pelcl S., Kociper A<\/td>\n<td style=\"width: 22.4551%; height: 20px;\">2001 Maribor<\/td>\n<\/tr>\n<tr style=\"height: 20px;\">\n<td style=\"width: 22.4551%; height: 20px;\">4&#215;400 m<\/td>\n<td style=\"width: 22.8293%; height: 20px;\">3:27.18<\/td>\n<td style=\"width: 31.3623%; height: 20px;\">Feren\u010dak, Horvat, \u0160iftar, Pelcl<\/td>\n<td style=\"width: 22.4551%; height: 20px;\">2007 Ljubljana<\/td>\n<\/tr>\n<tr style=\"height: 20px;\">\n<td style=\"width: 22.4551%; height: 20px;\">100-200-300-400m<\/td>\n<td style=\"width: 22.8293%; height: 20px;\">2:05.27<\/td>\n<td style=\"width: 31.3623%; height: 20px;\">Mau\u010dec, Kranjec, Hamler, Horvat<\/td>\n<td style=\"width: 22.4551%; height: 20px;\">2004 Koper<\/td>\n<\/tr>\n<\/tbody>\n<\/table>\n<p>&nbsp;<\/p>\n<p>&nbsp;<\/p>\n<p><span style=\"font-size: 14pt; color: #800080;\"><strong>\u017dENSKE<\/strong><\/span><\/p>\n<table style=\"width: 100%; height: 480px;\" bgcolor=\"#ccccff\">\n<tbody>\n<tr style=\"height: 20px;\" bgcolor=\"#6495ED\">\n<td style=\"width: 22.4551%; height: 20px;\" width=\"331px\"><strong>DISCIPLINA <\/strong><\/td>\n<td style=\"width: 22.8293%; height: 20px;\" width=\"339\"><strong>REZULTAT<\/strong><\/td>\n<td style=\"width: 31.5868%; height: 20px;\" width=\"123\"><strong>ATLETINJA<\/strong><\/td>\n<td style=\"width: 22.2305%; height: 20px;\" width=\"329.823\"><strong>LETO<\/strong><\/td>\n<\/tr>\n<tr style=\"height: 20px;\">\n<td style=\"width: 22.4551%; height: 20px;\" width=\"331px\">100 m<\/td>\n<td style=\"width: 22.8293%; height: 20px;\" width=\"339\">11.69<\/td>\n<td style=\"width: 31.5868%; height: 20px;\" width=\"472\">Tina Jure\u0161<\/td>\n<td style=\"width: 22.2305%; height: 20px;\" width=\"329.823\">2009 Novo Mesto<\/td>\n<\/tr>\n<tr style=\"height: 20px;\">\n<td style=\"width: 22.4551%; height: 20px;\" width=\"331px\">200 m<\/td>\n<td style=\"width: 22.8293%; height: 20px;\" width=\"339\">23.70<\/td>\n<td style=\"width: 31.5868%; height: 20px;\" width=\"472\">Tina Jure\u0161<\/td>\n<td style=\"width: 22.2305%; height: 20px;\" width=\"329.823\">2009 Kaunas<\/td>\n<\/tr>\n<tr style=\"height: 20px;\">\n<td style=\"width: 22.4551%; height: 20px;\">300 m<\/td>\n<td style=\"width: 22.8293%; height: 20px;\">39.66<\/td>\n<td style=\"width: 31.5868%; height: 20px;\">Tina Jure\u0161<\/td>\n<td style=\"width: 22.2305%; height: 20px;\">2009 Leibnitz<\/td>\n<\/tr>\n<tr style=\"height: 20px;\">\n<td style=\"width: 22.4551%; height: 20px;\" width=\"331px\">400 m<\/td>\n<td style=\"width: 22.8293%; height: 20px;\" width=\"339\">55.16<\/td>\n<td style=\"width: 31.5868%; height: 20px;\" width=\"472\">Anja Benko<\/td>\n<td style=\"width: 22.2305%; height: 20px;\" width=\"329.823\">2011 Trabzon<\/td>\n<\/tr>\n<tr style=\"height: 20px;\">\n<td style=\"width: 22.4551%; height: 20px;\" width=\"331px\">600 m<\/td>\n<td style=\"width: 22.8293%; height: 20px;\" width=\"339\">1:30.96<\/td>\n<td style=\"width: 31.5868%; height: 20px;\" width=\"472\">Sonja Roman<\/td>\n<td style=\"width: 22.2305%; height: 20px;\" width=\"329.823\">1997 Celje<\/td>\n<\/tr>\n<tr style=\"height: 20px;\">\n<td style=\"width: 22.4551%; height: 20px;\" width=\"331px\">800 m<\/td>\n<td style=\"width: 22.8293%; height: 20px;\" width=\"339\">2:03.87<\/td>\n<td style=\"width: 31.5868%; height: 20px;\" width=\"472\">Sonja Roman<\/td>\n<td style=\"width: 22.2305%; height: 20px;\" width=\"329.823\">1997 Nova Gorica<\/td>\n<\/tr>\n<tr style=\"height: 20px;\">\n<td style=\"width: 22.4551%; height: 20px;\" width=\"331px\">1000 m<\/td>\n<td style=\"width: 22.8293%; height: 20px;\" width=\"339\">2:46,88<\/td>\n<td style=\"width: 31.5868%; height: 20px;\" width=\"472\">Sonja Roman<\/td>\n<td style=\"width: 22.2305%; height: 20px;\" width=\"329.823\">14.10.1997<\/td>\n<\/tr>\n<tr style=\"height: 20px;\">\n<td style=\"width: 22.4551%; height: 20px;\" width=\"331px\">1500 m<\/td>\n<td style=\"width: 22.8293%; height: 20px;\" width=\"339\">&nbsp;4:14,32<\/td>\n<td style=\"width: 31.5868%; height: 20px;\" width=\"472\">Sonja Roman<\/td>\n<td style=\"width: 22.2305%; height: 20px;\" width=\"329.823\">20.06.1998<\/td>\n<\/tr>\n<tr style=\"height: 20px;\">\n<td style=\"width: 22.4551%; height: 20px;\" width=\"331px\">2000 m<\/td>\n<td style=\"width: 22.8293%; height: 20px;\" width=\"339\">6:12,46&nbsp;<\/td>\n<td style=\"width: 31.5868%; height: 20px;\" width=\"472\">Sonja Roman<\/td>\n<td style=\"width: 22.2305%; height: 20px;\" width=\"329.823\">27.04.1997<\/td>\n<\/tr>\n<tr style=\"height: 20px;\">\n<td style=\"width: 22.4551%; height: 20px;\" width=\"331px\">3000 m<\/td>\n<td style=\"width: 22.8293%; height: 20px;\" width=\"339\">9:51,94<\/td>\n<td style=\"width: 31.5868%; height: 20px;\" width=\"472\">Ur\u0161ka Martinec<\/td>\n<td style=\"width: 22.2305%; height: 20px;\" width=\"329.823\">2023 Eisenstadt<\/td>\n<\/tr>\n<tr style=\"height: 20px;\">\n<td style=\"width: 22.4551%; height: 20px;\" width=\"331px\">5000 m<\/td>\n<td style=\"width: 22.8293%; height: 20px;\" width=\"339\">17:15,78<\/td>\n<td style=\"width: 31.5868%; height: 20px;\" width=\"472\">Ur\u0161ka Martinec<\/td>\n<td style=\"width: 22.2305%; height: 20px;\" width=\"329.823\">2023 Dunaj<\/td>\n<\/tr>\n<tr style=\"height: 20px;\">\n<td style=\"width: 22.4551%; height: 20px;\" width=\"331px\">10000 m<\/td>\n<td style=\"width: 22.8293%; height: 20px;\" width=\"339\">35:59,00<\/td>\n<td style=\"width: 31.5868%; height: 20px;\" width=\"472\">Ur\u0161ka Martinec<\/td>\n<td style=\"width: 22.2305%; height: 20px;\" width=\"329.823\">2022 Ljubljana<\/td>\n<\/tr>\n<tr style=\"height: 20px;\">\n<td style=\"width: 22.4551%; height: 20px;\" width=\"331px\">Pol maraton<\/td>\n<td style=\"width: 22.8293%; height: 20px;\" width=\"339\">1&#8217;37.35<\/td>\n<td style=\"width: 31.5868%; height: 20px;\" width=\"472\">Jo\u017eica \u0160iftar<\/td>\n<td style=\"width: 22.2305%; height: 20px;\" width=\"329.823\">1987 Radenci<\/td>\n<\/tr>\n<tr style=\"height: 20px;\">\n<td style=\"width: 22.4551%; height: 20px;\">100 m ov.<\/td>\n<td style=\"width: 22.8293%; height: 20px;\">15.56<\/td>\n<td style=\"width: 31.5868%; height: 20px;\">Natalija Pavlinjek<\/td>\n<td style=\"width: 22.2305%; height: 20px;\">2024 Dunaj<\/td>\n<\/tr>\n<tr style=\"height: 20px;\">\n<td style=\"width: 22.4551%; height: 20px;\" width=\"331px\">400 m ov.<\/td>\n<td style=\"width: 22.8293%; height: 20px;\" width=\"339\">1:08.54<\/td>\n<td style=\"width: 31.5868%; height: 20px;\" width=\"472\">Natalija Pavlinjek<\/td>\n<td style=\"width: 22.2305%; height: 20px;\" width=\"329.823\">2016 Celje<\/td>\n<\/tr>\n<tr style=\"height: 20px;\">\n<td style=\"width: 22.4551%; height: 20px;\" width=\"331px\">daljina<\/td>\n<td style=\"width: 22.8293%; height: 20px;\" width=\"339\">5.55<\/td>\n<td style=\"width: 31.5868%; height: 20px;\" width=\"472\">Mi\u0161a Horvat<\/td>\n<td style=\"width: 22.2305%; height: 20px;\" width=\"329.823\">2015 Ptuj<\/td>\n<\/tr>\n<tr style=\"height: 20px;\">\n<td style=\"width: 22.4551%; height: 20px;\" width=\"331px\">vi\u0161ina<\/td>\n<td style=\"width: 22.8293%; height: 20px;\" width=\"339\">183<\/td>\n<td style=\"width: 31.5868%; height: 20px;\" width=\"472\">Barbara Berden<\/td>\n<td style=\"width: 22.2305%; height: 20px;\" width=\"329.823\">1995 Velenje<\/td>\n<\/tr>\n<tr style=\"height: 20px;\">\n<td style=\"width: 22.4551%; height: 20px;\" width=\"331px\">kopje-600 gr.<\/td>\n<td style=\"width: 22.8293%; height: 20px;\" width=\"339\">36.77<\/td>\n<td style=\"width: 31.5868%; height: 20px;\" width=\"472\">Nina \u0160inko<\/td>\n<td style=\"width: 22.2305%; height: 20px;\" width=\"329.823\">2016 Ljubljana<\/td>\n<\/tr>\n<tr style=\"height: 20px;\">\n<td style=\"width: 22.4551%; height: 20px;\" width=\"331px\">krogla-4 kg<\/td>\n<td style=\"width: 22.8293%; height: 20px;\" width=\"339\">13.69<\/td>\n<td style=\"width: 31.5868%; height: 20px;\" width=\"472\">Mateja Dra\u017enik<\/td>\n<td style=\"width: 22.2305%; height: 20px;\" width=\"329.823\">1998 Celje<\/td>\n<\/tr>\n<tr style=\"height: 20px;\">\n<td style=\"width: 22.4551%; height: 20px;\" width=\"331px\">disk-1 kg<\/td>\n<td style=\"width: 22.8293%; height: 20px;\" width=\"339\">41.44<\/td>\n<td style=\"width: 31.5868%; height: 20px;\" width=\"472\">Mateja Dra\u017enik<\/td>\n<td style=\"width: 22.2305%; height: 20px;\" width=\"329.823\">1998 Celje<\/td>\n<\/tr>\n<tr style=\"height: 20px;\">\n<td style=\"width: 22.4551%; height: 20px;\" width=\"331px\">\u010detveroboj<\/td>\n<td style=\"width: 22.8293%; height: 20px;\" width=\"339\">2.318t\u010d<\/td>\n<td style=\"width: 31.5868%; height: 20px;\" width=\"472\">Mi\u0161a Horvat<\/td>\n<td style=\"width: 22.2305%; height: 20px;\" width=\"329.823\">2012 Radovljica<\/td>\n<\/tr>\n<tr style=\"height: 20px;\">\n<td style=\"width: 22.4551%; height: 20px;\" width=\"331px\">4&#215;100 m<\/td>\n<td style=\"width: 22.8293%; height: 20px;\" width=\"339\">47.47<\/td>\n<td style=\"width: 31.5868%; height: 20px;\" width=\"472\">Heric, Kopun, Benko, \u0160\u010dan\u010dar<\/td>\n<td style=\"width: 22.2305%; height: 20px;\" width=\"329.823\">2016 Nova Gorica<\/td>\n<\/tr>\n<tr style=\"height: 20px;\">\n<td style=\"width: 22.4551%; height: 20px;\" width=\"331px\">4&#215;400 m<\/td>\n<td style=\"width: 22.8293%; height: 20px;\" width=\"339\">3:52.51<\/td>\n<td style=\"width: 31.5868%; height: 20px;\" width=\"472\">Kran\u010di\u010d, Megli\u010d, Roman, \u0160tevanec<\/td>\n<td style=\"width: 22.2305%; height: 20px;\" width=\"329.823\">1997 Nova Gorica<\/td>\n<\/tr>\n<\/tbody>\n<\/table>\n<p>&nbsp;<\/p>\n\n","protected":false},"excerpt":{"rendered":"<p>MO\u0160KI DISCIPLINA REZULTAT ATLET LETO 100 m 10.46 Damjan \u0160pur 1998 M\u00fcnchen 200 m 21.38 Damjan \u0160pur 1998 Maribor 300 &hellip;<\/p>\n","protected":false},"author":1,"featured_media":0,"parent":896,"menu_order":0,"comment_status":"closed","ping_status":"closed","template":"","meta":{"ngg_post_thumbnail":0,"footnotes":""},"class_list":["post-965","page","type-page","status-publish","hentry"],"_links":{"self":[{"href":"https:\/\/www.ak-pomurje.si\/index.php?rest_route=\/wp\/v2\/pages\/965","targetHints":{"allow":["GET"]}}],"collection":[{"href":"https:\/\/www.ak-pomurje.si\/index.php?rest_route=\/wp\/v2\/pages"}],"about":[{"href":"https:\/\/www.ak-pomurje.si\/index.php?rest_route=\/wp\/v2\/types\/page"}],"author":[{"embeddable":true,"href":"https:\/\/www.ak-pomurje.si\/index.php?rest_route=\/wp\/v2\/users\/1"}],"replies":[{"embeddable":true,"href":"https:\/\/www.ak-pomurje.si\/index.php?rest_route=%2Fwp%2Fv2%2Fcomments&post=965"}],"version-history":[{"count":37,"href":"https:\/\/www.ak-pomurje.si\/index.php?rest_route=\/wp\/v2\/pages\/965\/revisions"}],"predecessor-version":[{"id":7937,"href":"https:\/\/www.ak-pomurje.si\/index.php?rest_route=\/wp\/v2\/pages\/965\/revisions\/7937"}],"up":[{"embeddable":true,"href":"https:\/\/www.ak-pomurje.si\/index.php?rest_route=\/wp\/v2\/pages\/896"}],"wp:attachment":[{"href":"https:\/\/www.ak-pomurje.si\/index.php?rest_route=%2Fwp%2Fv2%2Fmedia&parent=965"}],"curies":[{"name":"wp","href":"https:\/\/api.w.org\/{rel}","templated":true}]}}