{"id":3970,"date":"2021-01-26T08:49:49","date_gmt":"2021-01-26T06:49:49","guid":{"rendered":"http:\/\/www.ak-pomurje.si\/?page_id=3970"},"modified":"2025-08-18T19:11:37","modified_gmt":"2025-08-18T17:11:37","slug":"vpis","status":"publish","type":"page","link":"https:\/\/www.ak-pomurje.si\/?page_id=3970","title":{"rendered":"VPIS in VADNINA"},"content":{"rendered":"<p><section class=\"kc-elm kc-css-24492 kc_row\"><div class=\"kc-row-container  kc-container\"><div class=\"kc-wrap-columns\"><div class=\"kc-elm kc-css-818977 kc_col-sm-12 kc_column kc_col-sm-12\"><div class=\"kc-col-container\">\n<div class=\"kc-elm kc-css-656323 kc-title-wrap \">\n\n\t<h1 class=\"kc_title\">DOKUMENTI<\/h1>\n<\/div>\n<div class=\"kc-elm kc-css-538429\" style=\"height: 20px; clear: both; width:100%;\"><\/div><\/div><\/div><\/div><\/div><\/section><section class=\"kc-elm kc-css-561025 kc_row\"><div class=\"kc-row-container  kc-container\"><div class=\"kc-wrap-columns\"><div class=\"kc-elm kc-css-71518 kc_col-sm-6 kc_column kc_col-sm-6\"><div class=\"kc-col-container\"><div class=\"kc-elm kc-css-124649 kc_text_block\"><\/p>\n<ul>\n<li>\n<p><a style=\"font-style: inherit;\" href=\"https:\/\/www.ak-pomurje.si\/wp-content\/uploads\/2019\/02\/STATUT_AK_Pomurje.pdf\" target=\"_blank\" rel=\"noopener noreferrer\">Statut<\/a><\/p>\n<\/li>\n<li>\n<p><a href=\"https:\/\/www.ak-pomurje.si\/wp-content\/uploads\/2022\/11\/Pravilnik_AK-Pomurje_november-2022.pdf\" target=\"_blank\" rel=\"noopener\">Pravilnik<\/a><\/p>\n<\/li>\n<li>\n<p><a href=\"https:\/\/www.ak-pomurje.si\/wp-content\/uploads\/2025\/08\/PRISTOPNA_IZJAVA_atl_sola_25-26.pdf\" target=\"_blank\" rel=\"noopener\">Pristopna izjava Atletska \u0161ola<\/a><\/p>\n<\/li>\n<li>\n<p><a href=\"https:\/\/www.ak-pomurje.si\/wp-content\/uploads\/2025\/08\/PRISTOPNA_IZJAVA_AK_Pomurje_2026.pdf\" target=\"_blank\" rel=\"noopener\">Pristopna izjava Atletski klub<\/a><\/p>\n<\/li>\n<li><a href=\"https:\/\/www.ak-pomurje.si\/wp-content\/uploads\/2022\/12\/IZJAVA_varstvo-podatkov_2020.pdf\" target=\"_blank\" rel=\"noopener\">Izjava o varstvu podatkov<\/a><\/li>\n<\/ul>\n<div>&nbsp;<\/div>\n<p>\n<\/div><\/div><\/div><div class=\"kc-elm kc-css-841458 kc_col-sm-6 kc_column kc_col-sm-6\"><div class=\"kc-col-container\"><div class=\"kc-elm kc-css-231777 kc_text_block\"><\/p>\n<p><span style=\"font-style: inherit;\">WORD:\u00a0<\/span><a style=\"font-style: inherit;\" href=\"https:\/\/www.ak-pomurje.si\/wp-content\/uploads\/2019\/12\/IZJAVA_varstvo-podatkov_2020.docx\" target=\"_blank\" rel=\"noopener noreferrer\">Izjava o varstvu podatkov<\/a><\/p>\n<p><span style=\"font-style: inherit;\">PDF:\u00a0<\/span><a style=\"font-style: inherit;\" href=\"https:\/\/www.ak-pomurje.si\/wp-content\/uploads\/2021\/01\/IZJAVA_varstvo-podatkov_2020.pdf\" target=\"_blank\" rel=\"noopener\">Izjava o varstvu podatkov<\/a><\/p>\n<p>***\u201dVse \u010dlane prosimo, da natisnejo in izpolnijo nove pristopne izjave, ter jih oddajo trenerju\u201d.***<\/p>\n<\/p>\n<p><strong>ZAPISNIKI SESTANKOV<\/strong><\/p>\n<ul>\n<li><a href=\"https:\/\/www.ak-pomurje.si\/wp-content\/uploads\/2023\/05\/Zapisnik-sestanka-upravnega-odbora-AK-Pomurje.pdf\">Zapisnik sestanka Upravnega odbora AK Pomurje<\/a><\/li>\n<\/ul>\n<p>\n<\/div><\/div><\/div><\/div><\/div><\/section><section class=\"kc-elm kc-css-949988 kc_row\"><div class=\"kc-row-container  kc-container\"><div class=\"kc-wrap-columns\"><div class=\"kc-elm kc-css-242171 kc_col-sm-12 kc_column kc_col-sm-12\"><div class=\"kc-col-container\"><div class=\"kc-elm kc-css-717259\" style=\"height: 85px; clear: both; width:100%;\"><\/div>\n<div class=\"kc-elm kc-css-860312 kc-title-wrap \">\n\n\t<h2 class=\"kc_title\">CENIK<\/h2>\n<\/div>\n<div class=\"kc-elm kc-css-195696\" style=\"height: 20px; clear: both; width:100%;\"><\/div><\/div><\/div><\/div><\/div><\/section><section class=\"kc-elm kc-css-25906 kc_row\"><div class=\"kc-row-container  kc-container\"><div class=\"kc-wrap-columns\"><div class=\"kc-elm kc-css-820862 kc_col-sm-4 kc_column kc_col-sm-4\"><div class=\"kc-col-container\"><div class=\"kc-elm kc-css-693649 kc_text_block\"><\/p>\n<p class=\"MsoNormal\" style=\"margin-bottom: 0cm;\"><strong><span style=\"font-size: 12.0pt;\">\u010cLANARINA 20.00 \u20ac<\/span><\/strong><\/p>\n<p class=\"MsoNormal\" style=\"margin-bottom: 0cm;\"><span style=\"font-size: 12.0pt;\">Pla\u010da se ob vpisu atleta v atletsko \u0161olo ali klub<br \/>za teko\u010de leto.<\/span> <span style=\"font-size: 12.0pt;\">Na<br \/>za\u010detku novega koledarskega leta v mesecu januarju vsi atleti in \u010dlani kluba (s<br \/>pripisom \u010dlanarina).<\/span><\/p>\n<p class=\"MsoNormal\" style=\"margin-bottom: 0cm;\"><span style=\"font-size: 12.0pt;\">\u00a0<\/span><\/p>\n<p class=\"MsoNormal\" style=\"margin-bottom: 0cm;\"><strong><span style=\"font-size: 12.0pt;\">VADNINA<\/span><\/strong><\/p>\n<p class=\"MsoNormal\" style=\"margin-bottom: 0cm;\"><span style=\"font-size: 12.0pt;\">Atletska \u0161ola<\/span><\/p>\n<p class=\"MsoNormal\" style=\"margin-bottom: 0cm;\"><span style=\"font-size: 12.0pt;\">Treningi 2-krat tedensko<\/span><\/p>\n<p class=\"MsoNormal\" style=\"margin-bottom: 0cm;\"><span style=\"font-size: 12.0pt;\">Vadnina se pla\u010duje 9 mesecev<\/span><\/p>\n<p class=\"MsoNormal\" style=\"margin-bottom: 0cm;\"><span style=\"font-size: 12.0pt;\">VADNINA 25.00 \u20ac<\/span><\/p>\n<p class=\"MsoNormal\" style=\"margin-bottom: 0cm;\"><span style=\"font-size: 12.0pt;\">\u00a0<\/span><\/p>\n<p class=\"MsoNormal\" style=\"margin-bottom: 0cm;\"><strong><span style=\"font-size: 12.0pt;\">Pionirji U12<\/span><\/strong><\/p>\n<p class=\"MsoNormal\" style=\"margin-bottom: 0cm;\"><span style=\"font-size: 12.0pt;\">Treningi 2-krat tedensko<\/span><\/p>\n<p><span style=\"font-size: 12.0pt; line-height: 107%;\">VADNINA 35.00 \u20ac<\/span><\/p>\n<p>\n<\/div><\/div><\/div><div class=\"kc-elm kc-css-391987 kc_col-sm-4 kc_column kc_col-sm-4\"><div class=\"kc-col-container\"><div class=\"kc-elm kc-css-854386 kc_text_block\"><\/p>\n<p class=\"MsoNormal\" style=\"margin-bottom: 0cm;\"><strong><span style=\"font-size: 12.0pt;\">Pionirji U14<\/span><\/strong><\/p>\n<p class=\"MsoNormal\" style=\"margin-bottom: 0cm;\"><span style=\"font-size: 12.0pt;\">Treningi 3-krat tedensko<\/span><\/p>\n<p class=\"MsoNormal\" style=\"margin-bottom: 0cm;\"><span style=\"font-size: 12.0pt;\">VADNINA 40.00 \u20ac<\/span><\/p>\n<p class=\"MsoNormal\" style=\"margin-bottom: 0cm;\"><span style=\"font-size: 12.0pt;\">\u00a0<\/span><\/p>\n<p class=\"MsoNormal\" style=\"margin-bottom: 0cm;\"><span style=\"font-size: 12.0pt;\">\u00a0<\/span><\/p>\n<p class=\"MsoNormal\" style=\"margin-bottom: 0cm;\"><strong><span style=\"font-size: 12.0pt;\">Pionirji U16<\/span><\/strong><\/p>\n<p class=\"MsoNormal\" style=\"margin-bottom: 0cm;\"><span style=\"font-size: 12.0pt;\">Treningi 4-krat tedensko<\/span><\/p>\n<p class=\"MsoNormal\" style=\"margin-bottom: 0cm;\"><span style=\"font-size: 12.0pt;\">VADNINA 45.00 \u20ac<\/span><\/p>\n<p class=\"MsoNormal\" style=\"margin-bottom: 0cm;\"><span style=\"font-size: 12.0pt;\">\u00a0<\/span><\/p>\n<p class=\"MsoNormal\" style=\"margin-bottom: 0cm;\"><span style=\"font-size: 12.0pt;\">\u00a0<\/span><\/p>\n<p class=\"MsoNormal\" style=\"margin-bottom: 0cm;\"><strong><span style=\"font-size: 12.0pt;\">Mlaj\u0161i, starej\u0161i mladinci in \u010dlani<\/span><\/strong><\/p>\n<p class=\"MsoNormal\" style=\"margin-bottom: 0cm;\"><span style=\"font-size: 12.0pt;\">Treningi 4 do 5-krat in tudi ve\u010dkrat na teden<\/span><\/p>\n<p><span style=\"font-size: 12.0pt; line-height: 107%;\">VADNINA 45.00 \u20ac<\/span><\/p>\n<p>\n<\/div><\/div><\/div><div class=\"kc-elm kc-css-617314 kc_col-sm-4 kc_column kc_col-sm-4\"><div class=\"kc-col-container\"><div class=\"kc-elm kc-css-557350 kc_text_block\"><\/p>\n<p class=\"MsoNormal\" style=\"margin-bottom: 0cm; background-image: initial; background-position: initial; background-size: initial; background-repeat: initial; background-attachment: initial; background-origin: initial; background-clip: initial;\"><span style=\"font-size: 12.0pt;\">Vadnina se lahko pla\u010duje mese\u010dno na TRR kluba, lahko<br \/>pa po ra\u010dunu, ki se izda 3-krat letno po 4 mesece skupaj.<\/span><\/p>\n<p class=\"MsoNormal\" style=\"margin-bottom: 0cm; background-image: initial; background-position: initial; background-size: initial; background-repeat: initial; background-attachment: initial; background-origin: initial; background-clip: initial;\"><span style=\"font-size: 12.0pt;\">\u00a0<\/span><\/p>\n<p class=\"MsoNormal\" style=\"margin-bottom: 0cm; background-image: initial; background-position: initial; background-size: initial; background-repeat: initial; background-attachment: initial; background-origin: initial; background-clip: initial;\"><span style=\"font-size: 12.0pt;\">VADNINA SE PLA\u010cUJE 12 MESECEV<\/span><\/p>\n<p class=\"MsoNormal\" style=\"margin-bottom: 0cm; background-image: initial; background-position: initial; background-size: initial; background-repeat: initial; background-attachment: initial; background-origin: initial; background-clip: initial;\"><span style=\"font-size: 12.0pt;\">\u00a0<\/span><\/p>\n<p class=\"MsoNormal\" style=\"margin-bottom: 0cm; background-image: initial; background-position: initial; background-size: initial; background-repeat: initial; background-attachment: initial; background-origin: initial; background-clip: initial;\"><span style=\"font-size: 12.0pt;\">Cene veljajo od 1.\u00a09.\u00a02024.<\/span><\/p>\n<p class=\"MsoNormal\" style=\"margin-bottom: 0cm; background-image: initial; background-position: initial; background-size: initial; background-repeat: initial; background-attachment: initial; background-origin: initial; background-clip: initial;\"><span style=\"font-size: 12.0pt;\">\u00a0<\/span><\/p>\n<p class=\"MsoNormal\" style=\"margin-bottom: 0cm; background-image: initial; background-position: initial; background-size: initial; background-repeat: initial; background-attachment: initial; background-origin: initial; background-clip: initial;\"><span style=\"font-size: 12.0pt;\">Kontaktna \u0161tevilka za nejasnosti<\/span><\/p>\n<p class=\"MsoNormal\" style=\"margin-bottom: 0cm; background-image: initial; background-position: initial; background-size: initial; background-repeat: initial; background-attachment: initial; background-origin: initial; background-clip: initial;\"><span style=\"font-size: 12.0pt;\">041 383 261 Majda<\/span><\/p>\n<p class=\"MsoNormal\" style=\"margin-bottom: 0cm; background-image: initial; background-position: initial; background-size: initial; background-repeat: initial; background-attachment: initial; background-origin: initial; background-clip: initial;\"><span style=\"font-size: 12.0pt;\">\u00a0<\/span><\/p>\n<p class=\"MsoNormal\" style=\"margin-bottom: 0cm; background-image: initial; background-position: initial; background-size: initial; background-repeat: initial; background-attachment: initial; background-origin: initial; background-clip: initial;\"><span style=\"font-size: 12.0pt;\">\u00a0<\/span><\/p>\n<p><span style=\"font-size: 12.0pt; line-height: 107%;\">Murska Sobota, 23.\u00a08.\u00a02024<\/span><\/p>\n<p>\n<\/div><\/div><\/div><\/div><\/div><\/section><section class=\"kc-elm kc-css-8756 kc_row\"><div class=\"kc-row-container  kc-container\"><div class=\"kc-wrap-columns\"><div class=\"kc-elm kc-css-676665 kc_col-sm-12 kc_column kc_col-sm-12\"><div class=\"kc-col-container\"><div class=\"kc-elm kc-css-218901\" style=\"height: 20px; clear: both; width:100%;\"><\/div><div class=\"kc-elm kc-css-568323\" style=\"height: 20px; clear: both; width:100%;\"><\/div><\/div><\/div><\/div><\/div><\/section><\/p>\n","protected":false},"excerpt":{"rendered":"","protected":false},"author":1,"featured_media":0,"parent":0,"menu_order":0,"comment_status":"closed","ping_status":"closed","template":"","meta":{"ngg_post_thumbnail":0,"footnotes":""},"class_list":["post-3970","page","type-page","status-publish","hentry"],"_links":{"self":[{"href":"https:\/\/www.ak-pomurje.si\/index.php?rest_route=\/wp\/v2\/pages\/3970","targetHints":{"allow":["GET"]}}],"collection":[{"href":"https:\/\/www.ak-pomurje.si\/index.php?rest_route=\/wp\/v2\/pages"}],"about":[{"href":"https:\/\/www.ak-pomurje.si\/index.php?rest_route=\/wp\/v2\/types\/page"}],"author":[{"embeddable":true,"href":"https:\/\/www.ak-pomurje.si\/index.php?rest_route=\/wp\/v2\/users\/1"}],"replies":[{"embeddable":true,"href":"https:\/\/www.ak-pomurje.si\/index.php?rest_route=%2Fwp%2Fv2%2Fcomments&post=3970"}],"version-history":[{"count":56,"href":"https:\/\/www.ak-pomurje.si\/index.php?rest_route=\/wp\/v2\/pages\/3970\/revisions"}],"predecessor-version":[{"id":7935,"href":"https:\/\/www.ak-pomurje.si\/index.php?rest_route=\/wp\/v2\/pages\/3970\/revisions\/7935"}],"wp:attachment":[{"href":"https:\/\/www.ak-pomurje.si\/index.php?rest_route=%2Fwp%2Fv2%2Fmedia&parent=3970"}],"curies":[{"name":"wp","href":"https:\/\/api.w.org\/{rel}","templated":true}]}}